5) to base 5
401133213
Convert -1020168 (base 9) to base 12.
-223282
What is -1075b04 (base 14) in base 9?
-15630216
1011000110011011000010 (base 2) to base 3
12110211121201
Convert 124849 (base 13) to base 5.
103013431
1afdf1 (base 16) to base 3
10022212112111
-53025444 (base 7) to base 12
-15bb113
305108 (base 9) to base 8
541221
What is -33073160 (base 8) in base 9?
-14333558
What is -2516364 (base 8) in base 15?
-db145
Convert -10027 (base 15) to base 11.
-35077
-2c03a3 (base 14) to base 3
-2220002212200
-634524 (base 7) to base 11
-7544a
Convert 32012300330 (base 4) to base 9.
6855282
3731217 (base 8) to base 10
1028751
-227478 (base 9) to base 3
-20221112122
1011101001111 (base 2) to base 13
2940
30615063 (base 7) to base 14
4b08da
Convert -42442610 (base 7) to base 6.
-205152225
-4b5cc (base 14) to base 6
-3544304
-885b93 (base 13) to base 16
-310214
35596 (base 10) to base 16
8b0c
1202601 (base 7) to base 9
251750
What is -1265258 (base 9) in base 2?
-10101001001000011101
What is 1818493 (base 10) in base 3?
10102101111121
Convert -565521 (base 8) to base 14.
-4da13
What is -110111010000000 (base 2) in base 9?
-42721
Convert 125559 (base 12) to base 10.
299733
12012213 (base 4) to base 10
24999
Convert -110100213303 (base 4) to base 14.
-9c36a7
What is 15411151 (base 8) in base 10?
3543657
Convert -2c84b (base 14) to base 7.
-642524
236884 (base 16) to base 12
93aa84
What is -333011201 (base 4) in base 14?
-6a253
Convert -544711 (base 9) to base 4.
-1033111312
-1511545 (base 11) to base 8
-11711242
20b432 (base 12) to base 2
1111110010010100110
Convert 20100222220222 (base 3) to base 10.
3385421
Convert -1011101110001111001 (base 2) to base 12.
-166361
Convert -2677bc (base 16) to base 5.
-1121133040
What is -4031102 (base 5) in base 6?
-1214423
-140ce (base 15) to base 8
-175477
Convert 101001110100000001010 (base 2) to base 13.
38c830
Convert -166ca7 (base 15) to base 13.
-2c0554
What is -9b4749 (base 12) in base 5?
-1113204221
-559a (base 16) to base 13
-9c89
What is 519811 (base 13) in base 8?
7212765
Convert -24220212 (base 5) to base 12.
-aab6b
What is 288561 (base 9) in base 11?
110989
7102818 (base 11) to base 14
195144b
-285463 (base 9) to base 11
-10a209
100100011000001001010 (base 2) to base 8
4430112
Convert -40441 (base 7) to base 2.
-10011001100101
Convert -1546b0 (base 13) to base 11.
-3287a3
Convert 106726 (base 13) to base 3.
201121001211
Convert -220131540 (base 6) to base 7.
-45262122
Convert -24001002 (base 5) to base 14.
-59aa1
-20002010101 (base 3) to base 14
-31863
What is -11021013120 (base 4) in base 3?
-2112111012000
Convert 2266768 (base 9) to base 13.
33b978
What is 11120011102 (base 3) in base 10?
89786
2001031033 (base 4) to base 9
885864
What is 2066003 (base 7) in base 6?
5221325
-2116614 (base 7) to base 9
-431320
1132023 (base 5) to base 6
240412
Convert 3a615 (base 12) to base 7.
453212
10197 (base 16) to base 3
10100110100
Convert 3abdd9 (base 14) to base 5.
1004434210
What is -250507 (base 12) in base 13?
-181072
What is -553235 (base 6) in base 10?
-46103
-4202880 (base 10) to base 12
-14a8280
What is -1755214 (base 9) in base 2?
-11101111100110100001
Convert -41625 (base 9) to base 5.
-1334412
Convert 11132103 (base 5) to base 15.
1e51d
What is 1b1666b (base 13) in base 16?
88a016
Convert 89ac3d (base 15) to base 4.
121003103131
16100 (base 16) to base 15
1bb98
Convert 223023112 (base 4) to base 7.
1334416
What is 302797b (base 12) in base 8?
42303257
10125205 (base 7) to base 14
18093c
2a863 (base 12) to base 4
32221023
-156db58 (base 15) to base 7
-246032240
241668 (base 9) to base 11
9a451
Convert -415030015 (base 6) to base 7.
-115333661
-d65d2 (base 15) to base 8
-2457421
What is -316b865 (base 12) in base 13?
-1c255c4
What is 20002112020200 (base 3) in base 5?
1312112043
34b62aa (base 12) to base 13
215b186
What is 70a532 (base 12) in base 15?
24b692
-13430754 (base 8) to base 13
-81cca9
-19dab (base 15) to base 10
-84086
12144300 (base 6) to base 7
3201543
What is 2363153 (base 8) in base 7?
5341402
1043a4 (base 13) to base 15
77c17
Convert -32130020 (base 4) to base 2.
-1110011100001000
What is 14837 (base 9) in base 4?
2132233
What is -11200112223 (base 4) in base 13?
-3b6bb9
Convert 2303412 (base 8) to base 14.
123798
104000 (base 8) to base 3
1202202111
What is -111100111110100101 (base 2) in base 16?
-3cfa5
Convert 10011110101011111010 (base 2) to base 6.
21533054
Convert -51334 (base 14) to base 7.
-1442564
What is 254832 (base 9) in base 7?
1212266
What is -10000010010001111000010 (base 2) in base 15?
-594d49
-183362 (base 9) to base 3
-12210102002
What is -62047 (base 10) in base 12?
-2baa7
-b84454 (base 13) to base 6
-232350220
What is 4843553 (base 11) in base 10?
8437872
What is 90497 (base 13) in base 5?
31222344
-2791b9 (base 13) to base 6
-32344303
-3713246 (base 9) to base 15
-29c7b3
-2000200222012 (base 3) to base 2
-100000110110111100111
What is -76586 (base 9) in base 8?
-143140
What is 3032120 (base 6) in base 13?
5090a
-568b5 (base 14) to base 12
-a1827
Convert -10750450 (base 8) to base 2.
-1000111101000100101000
121211202020201 (base 3) to base 9
17752221
What is 50a120 (base 12) in base 6?
43012440
2a2cc (base 15) to base 4
201013122
What is -1b21b8 (base 15) in base 8?
-5030606
What is 34a98 (base 16) in base 9?
357801
What is 1433021 (base 5) in base 10?
30386
What is 75c9a4 (base 15) in base 3?
101120002102201
-3053435 (base 8) to base 16
-c571d
Convert -1ccb4e (base 16) to base 7.
-22016421
210251 (base 6) to base 7
100264
260353 (base 7) to base 16
bc4d
What is 11151603 (base 8) in base 9?
4477553
-11443444 (base 5) to base 3
-12112212021
What is -467660 (base 10) in base 14?
-c2604
What is -2c56b (base 16) in base 8?
-542553
252010544 (base 6) to base 13
100c339
-5460816 (base 10) to base 9
-11242743
Convert 1111000000111100 (base 2) to base 5.
3432000
-5bb50 (base 12) to base 3
-20022112220
-103746 (base 8) to base 4
-20133212
-498055 (base 11) to base 12
-31b309
What is -2721416 (base 10) in base 8?
-12303210
Convert -2210232 (base 7) to base 12.
-1110b6
-1011100000000111001 (base 2) to base 9
-633885
Convert 13222151 (base 6) to base 14.
b5b6b
-11a265 (base 11) to base 2
-101110001110000011
4028c (base 15) to base 4
301211022
What is -309610 (base 10) in base 3?
-120201201001
-136764 (base 8) to base 16
-bdf4
Convert 676270 (base 9) to base 10.
404820
-3650009 (base 11) to base 10
-6354203
What is -404457 (base 8) in base 15?
-297ed
What is -123705 (base 11) in base 13?
-6aab9
-100001101111110101 (base 2) to base 11
-94943
Convert -100100001011110011100 (base 2) to base 14.
-22c164
1371e4 (base 16) to base 15
1a28b0
375424 (base 8) to base 13
47117
What is -12143201 (base 5) in base 16?
-1c2e2
Convert -3ad504 (base 14) to base 12.
-821300
What is 21212022222 (base 3) in base 10?
154790
Convert -185697 (base 10) to base 13.
-666a5
Convert -1111010001010 (base 2) to base 6.
-100110
-100011010110110100111 (base 2) to base 9
-2155226
Convert -211143542 (base 6) to base 10.
-3699638
Convert 5aa668 (base 14) to base 6.
150253020
-101101100101100100101 (base 2) to base 12
-600571
Convert -137176 (base 8) to base 14.
-13ab4
Convert 1e167 (base 15) to base 8.
277625
1b1733 (base 14) to base 16
eb7d1
-3235440 (base 8) to base 9
-1561388
What is -483a2 (base 15) in base 2?
-111000001110110111
What is -4565b (base 13) in base 6?
-2412451
What is -851962 (base 10) in base 6?
-30132134
Convert -1a2242 (base 15) to base 4.
-10312300313
What is 5642255 (base 8) in base 2?
101110100010010101101
69a009 (base 14) to base 16
36ef09
-11302354 (base 9) to base 12
-1a0abb7
42003423 (base 6) to base 2
100101000010110100111
Convert 263625 (base 9) to base 2.
100111000110100000
775860 (base 15) to base 5
2424020030
What is -135300 (base 9) in base 3?
-11012100000
1120111340 (base 5) to base 2
1001100011010100100010
Convert -27500537 (base 8) to base 12.
-20a8253
What is -11101110101101000 (base 2) in base 14?
-3277a
-100545 (base 9) to base 14
-17979
What is 3343646 (base 9) in base 6?
102331153
-11064106 (base 7) to base 15
-13d86a
What is -481736 (base 9) in base 11?
-188989
What is c026 (base 14) in base 9?
50184
What is -62db (base 16) in base 8?
-61333
-314322014 (base 5) to